ns digit of 798337?
3
What is the units digit of 86069?
9
What is the tens digit of 34435?
3
What is the hundred thousands digit of 1094807?
0
What is the hundreds digit of 453979?
9
What is the ten thousands digit of 3963436?
6
What is the hundreds digit of 2968833?
8
What is the tens digit of 66756?
5
What is the thousands digit of 142621?
2
What is the tens digit of 5255341?
4
What is the hundred thousands digit of 468190?
4
What is the thousands digit of 755705?
5
What is the thousands digit of 20722079?
2
What is the hundreds digit of 1533223?
2
What is the millions digit of 1691288?
1
What is the tens digit of 687332?
3
What is the hundreds digit of 806577?
5
What is the tens digit of 19676741?
4
What is the thousands digit of 408205?
8
What is the units digit of 4194988?
8
What is the millions digit of 4219577?
4
What is the ten thousands digit of 168443?
6
What is the ten thousands digit of 3121734?
2
What is the ten thousands digit of 117264?
1
What is the hundreds digit of 11048976?
9
What is the thousands digit of 365438?
5
What is the tens digit of 1540206?
0
What is the units digit of 604128?
8
What is the tens digit of 29943514?
1
What is the millions digit of 3391117?
3
What is the hundred thousands digit of 166007?
1
What is the hundred thousands digit of 262791?
2
What is the hundreds digit of 9382304?
3
What is the ten thousands digit of 797227?
9
What is the hundreds digit of 428666?
6
What is the hundreds digit of 2274942?
9
What is the hundreds digit of 39888?
8
What is the tens digit of 3379946?
4
What is the hundred thousands digit of 3102402?
1
What is the units digit of 499073?
3
What is the thousands digit of 4137866?
7
What is the ten thousands digit of 1046257?
4
What is the ten thousands digit of 3647561?
4
What is the thousands digit of 358284?
8
What is the tens digit of 803956?
5
What is the units digit of 308952?
2
What is the thousands digit of 5987?
5
What is the hundreds digit of 13400?
4
What is the hundreds digit of 176445?
4
What is the hundred thousands digit of 7842618?
8
What is the hundred thousands digit of 279672?
2
What is the tens digit of 3706756?
5
What is the tens digit of 2620364?
6
What is the ten thousands digit of 3665127?
6
What is the ten thousands digit of 1264278?
6
What is the thousands digit of 24046785?
6
What is the thousands digit of 2422135?
2
What is the hundred thousands digit of 214904?
2
What is the tens digit of 2613616?
1
What is the units digit of 2414038?
8
What is the hundred thousands digit of 926429?
9
What is the tens digit of 416224?
2
What is the ten thousands digit of 192065?
9
What is the hundred thousands digit of 3065001?
0
What is the units digit of 359559?
9
What is the thousands digit of 577271?
7
What is the hundreds digit of 2643033?
0
What is the millions digit of 2962271?
2
What is the hundreds digit of 414867?
8
What is the units digit of 186198?
8
What is the hundred thousands digit of 3180057?
1
What is the ten thousands digit of 565771?
6
What is the thousands digit of 68032?
8
What is the millions digit of 3905893?
3
What is the tens digit of 870756?
5
What is the hundreds digit of 1921?
9
What is the thousands digit of 4232132?
2
What is the hundred thousands digit of 254823?
2
What is the tens digit of 3963987?
8
What is the hundreds digit of 336409?
4
What is the ten thousands digit of 11752303?
5
What is the thousands digit of 466118?
6
What is the tens digit of 1432294?
9
What is the ten thousands digit of 4802743?
0
What is the hundreds digit of 259140?
1
What is the hundred thousands digit of 10312981?
3
What is the hundreds digit of 4756195?
1
What is the ten thousands digit of 7823413?
2
What is the hundreds digit of 3174504?
5
What is the hundreds digit of 219735?
7
What is the thousands digit of 5138479?
8
What is the units digit of 1336321?
1
What is the tens digit of 5742290?
9
What is the hundreds digit of 78491?
4
What is the hundred thousands digit of 7972581?
9
What is the tens digit of 84124?
2
What is the hundred thousands digit of 1142124?
1
What is the hundreds digit of 189794?
7
What is the hundred thousands digit of 542562?
5
What is the thousands digit of 65688?
5
What is the ten millions digit of 21501639?
2
What is the tens digit of 1126191?
9
What is the units digit of 16367825?
5
What is the hundred thousands digit of 2322224?
3
What is the units digit of 5061166?
6
What is the hundreds digit of 247982?
9
What is the millions digit of 19566354?
9
What is the thousands digit of 82500?
2
What is the tens digit of 12802179?
7
What is the tens digit of 37707065?
6
What is the ten thousands digit of 3250741?
5
What is the hundreds digit of 952808?
8
What is the hundreds digit of 12940764?
7
What is the millions digit of 3043465?
3
What is the units digit of 1178783?
3
What is the ten thousands digit of 1932474?
3
What is the hundreds digit of 510357?
3
What is the millions digit of 2988008?
2
What is the thousands digit of 55038?
5
What is the units digit of 32724173?
3
What is the tens digit of 222174?
7
What is the millions digit of 12762707?
2
What is the hundred thousands digit of 2871454?
8
What is the hundreds digit of 80162?
1
What is the hundreds digit of 30167?
1
What is the tens digit of 141792?
9
What is the thousands digit of 19946285?
6
What is the tens digit of 22103624?
2
What is the units digit of 692170?
0
What is the hundred thousands digit of 2495350?
4
What is the units digit of 837294?
4
What is the ten thousands digit of 756433?
5
What is the tens digit of 487174?
7
What is the thousands digit of 30147597?
7
What is the hundreds digit of 1623891?
8
What is the tens digit of 149138?
3
What is the thousands digit of 52661?
2
What is the ten thousands digit of 36480?
3
What is the hundreds digit of 6757198?
1
What is the millions digit of 4042468?
4
What is the tens digit of 1652457?
5
What is the hundreds digit of 334419?
4
What is the hundreds digit of 1372196?
1
What is the ten thousands digit of 2179914?
7
What is the ten millions digit of 11720861?
1
What is the millions digit of 7401442?
7
What is the hundreds digit of 1799779?
7
What is the units digit of 24836748?
8
What is the units digit of 1804765?
5
What is the hundred thousands digit of 230909?
2
What is the hundreds digit of 11920851?
8
What is the hundreds digit of 46713?
7
What is the ten thousands digit of 41183144?
8
What is the hundred thousands digit of 10049497?
0
What is the tens digit of 13306501?
0
What is the ten millions digit of 16210154?
1
What is the units digit of 480230?
0
What is the tens digit of 20944493?
9
What is the units digit of 3592864?
4
What is the units digit of 3530085?
5
What is the ten thousands digit of 4915994?
1
What is the units digit of 205204?
4
What is the ten thousands digit of 642057?
4
What is the tens digit of 1720044?
4
What is the tens digit of 1650372?
7
What is the thousands digit of 295454?
5
What is the thousands digit of 3420339?
0
What is the tens digit of 2525742?
4
What is the ten thousands digit of 605403?
0
What is the tens digit of 19449950?
5
What is the ten thousands digit of 385185?
8
What is the tens digit of 586619?
1
What is the millions digit of 2271393?
2
What is the units digit of 4651933?
3
What is the tens digit of 676230?
3
What is the thousands digit of 40864?
0
What is the units digit of 570954?
4
What is the tens digit of 1385304?
0
What is the hundred thousands digit of 5552219?
5
What is the thousands digit of 13322?
3
What is the units digit of 1929719?
9
What is the hundred thousands digit of 3306223?
3
What is the ten thousands digit of 926553?
2
What is the thousands digit of 1391540?
1
What is the units digit of 195266?
6
What is the tens digit of 892426?
2
What is the thousands digit of 1681968?
1
What is the hundred thousands digit of 1531924?
5
What is the tens digit of 374458?
5
What is the hundreds digit of 6783790?
7
What is the thousands digit of 78103?
8
What is the hundred thousands digit of 518035?
5
What is the units digit of 89675?
5
What is the units digit of 555588?
8
What is the thousands digit of 1329165?
9
What is the ten millions digit of 15083772?
1
What is the thousands digit of 27726?
7
What is the units digit of 1800197?
7
What is the hundreds